2. Calculate s(b).
7
Let h(j) = 2*j**3 - 3*j**2 - j - 9. Let b(m) = m**3 - m**2 - 4. Let i = -10 + 6. Let f(k) = i*h(k) + 7*b(k). Give f(6).
-4
Let u(t) = 23*t**2 - 11*t - 6. Suppose 4*d = -74 + 6. Let h(p) = 4*p - 5*p**2 - p**2 + 2 - 2*p**2. Let c(w) = d*h(w) - 6*u(w). Give c(-3).
-10
Let u(o) = -8 + 7*o - 10*o + 4*o - 3. Let i(a) = -4*a - 93. Let n be i(-27). Calculate u(n).
4
Suppose 25*n + 32 = 29*n. Let u(h) = -n*h + 5*h - 2*h**2 + 33*h**3 - 32*h**3 + 3. Calculate u(3).
3
Let r(s) = -2*s**3 - s + 1. Let g(l) = 7*l**3 - 4*l**2 + 13*l - 1. Let i(a) = -g(a) - 4*r(a). What is i(-6)?
-21
Suppose -d - 2*g + 5*g = 3, 0 = 4*d + 2*g - 16. Let k(t) = 4*t - d*t**3 + 4*t - 9*t - 3*t**3. Calculate k(-1).
7
Let l(z) be the third derivative of -z**4/12 - z**3/6 - 3*z**2 + 14. Let u = -26 - -18. Let d = -7 - u. Give l(d).
-3
Let b(s) be the third derivative of 7*s**5/60 + s**4/24 + 2*s**3/3 - 6*s**2. Let p be b(3). Let f(x) = 2*x + p - 70. Give f(2).
4
Suppose g - 6*g + 35 = 0. Suppose g*p + 2 = 5*p + 2*r, -r = -5. Let y(u) = u + 4. Determine y(p).
8
Let m(n) = 14*n + 140. Let c(d) = -d - 23. Let z(r) = -6*c(r) - m(r). Calculate z(2).
-18
Let i = -4/51 + 49/408. Let z(f) be the third derivative of 0 + 8*f**2 + i*f**4 + 1/6*f**3 + 0*f - 1/120*f**6 - 1/20*f**5. Calculate z(-3).
-2
Let p(d) = 15*d**3 + 2*d**2 - 2*d + 2. Let m(k) = k**3 + k**2 + 1. Let x(z) = 3*m(z) - p(z). Let b be 0 - -2 - (-1 + 4). Determine x(b).
12
Let g(p) = p**3 - 2*p**2 - 3*p + 3. Let j be g(2). Let i be (j/(-4))/(6/16). Let q(y) = y**2 - y - 2. Determine q(i).
0
Let q(i) = -8*i - 1. Let m(k) = 9*k - 1. Let v(w) = 5*m(w) + 6*q(w). Calculate v(-6).
7
Let l(v) = 4*v - 4. Let u(b) = -2*b**2 + 13*b + 6. Let i be u(7). Let z be i/(-1 - 12/(-10)). Give l(z).
-24
Let z = -10 + 20. Let i = 5 - z. Let b(l) = l**3 + 4*l**2 - 3*l + 4. Determine b(i).
-6
Let n(t) = -t + 4 - 5 + 0. Let j = 1 + -2. Determine n(j).
0
Let a(s) = s**3 + 5*s**2 - 5*s - 6. Suppose 41 = -4*q + 5*p - 8, -3*p = q - 9. Give a(q).
-12
Let u(z) = 2*z - 7. Let w be u(5). Let r = 370 + -241. Let j(d) = -d + 5*d - r - d**2 + 125. What is j(w)?
-1
Let y(o) = o**2 - 12*o + 38. Let p(h) = -26*h + 1018. Let t be p(39). Give y(t).
6
Let p(z) = 81*z**2 + 2*z + 3. Let g be p(-1). Let u = 77 - g. Let f(a) = -a - 6. Calculate f(u).
-1
Let f(a) = a**2 + 2*a + 1. Let x be 17 - 0 - -1*3. Suppose 5*r - x = 3*j, r = 4*j - 2*r + 12. Suppose -5*z + j*z = 5. Determine f(z).
0
Let c(f) = f - 1. Suppose 3*r = -j + 4 - 3, -3*r + 5 = 2*j. Let y = r + 1. Suppose y = 2*z + 5 - 3. Determine c(z).
-2
Let x(b) = -b**3 - 7*b**2 - 5*b + 7. Let f be 5/(10/24)*(-213)/426. What is x(f)?
1
Let d(i) be the first derivative of -1/40*i**6 + 0*i - 8 - 1/60*i**5 + 0*i**4 + 1/6*i**3 + 1/2*i**2. Let x(v) be the second derivative of d(v). Give x(1).
-3
Let w(p) = 10*p**2 + 14*p + 21. Let h(v) = -4*v**2 + v**2 + 7*v - 12*v - 7. Let g be (-979)/(-143) - 2/(-13). Let d(f) = g*h(f) + 2*w(f). Calculate d(-6).
-1
Let g(j) = j**2 + j - 8. Suppose 5*t - 3*y - 39 = 0, -41 = -3*t + 4*y - 11. Suppose -3*o + 5*o = t, -w = 3*o. Let a be (-1)/2*(w + 9). What is g(a)?
-8
Let w(l) be the first derivative of l**5/120 - l**4/3 + 2*l**3/3 + 1. Let p(h) be the third derivative of w(h). Let n = 16 + -11. What is p(n)?
-3
Let p(g) be the first derivative of -3*g**2 + 4*g + 4 + 1/3*g**3. Give p(6).
4
Let q(g) = 11*g - 4. Suppose 8*j + 18 = -j. What is q(j)?
-26
Let u(v) = v**2 - 6*v - 114. Let p be u(14). Let b(n) be the first derivative of 5*n**2 + 3*n - 1. Calculate b(p).
-17
Let r(x) = -16*x - 11. Let w(n) = -3*n - 2. Let d(f) = 2*r(f) - 11*w(f). Let o(u) = u**2 - 4*u - 1. Let s be o(5). Give d(s).
4
Let x(u) = u**3 + 3*u**2 - 2*u + 4. Suppose -20*s + 72 = -44*s. Calculate x(s).
10
Let u(m) be the first derivative of m**4/12 - 5*m**3/6 + m**2/2 + 18*m - 9. Let d(t) be the first derivative of u(t). What is d(5)?
1
Let z(s) = -s**2 - s + 11. Let g(v) = 2*v**2 - 31*v + 94. Let d be g(11). Calculate z(d).
-9
Let y(u) = -u - 26*u**3 + 3*u + 25*u**3 + u**2 + 28. Determine y(0).
28
Suppose -5*w + 29 = -c, 4*c = -4*w + 1 + 3. Let b(a) be the first derivative of 9 - 2/3*a**3 + 7*a + 3*a**2. Calculate b(w).
-13
Suppose 3*v = -2*v - 4*i - 56, -3*v - 40 = 4*i. Let q(m) = -m**2 - 9*m - 1. Determine q(v).
7
Let l(v) be the first derivative of 0*v + 8/3*v**3 + 1/120*v**5 + 0*v**2 - 8 + 1/24*v**4. Let d(p) be the third derivative of l(p). Determine d(-6).
-5
Let k(y) = 9 - y**3 + 2 - 3 - 2*y**2 + 11*y**2 - 3 - 11*y. Determine k(7).
26
Let k(a) = 111*a + 118*a - 33 - 343*a + 109*a. What is k(-7)?
2
Suppose -110 = 26*h - 4*h. Let z(a) = a**3 + 4*a**2 - 7*a - 2. Determine z(h).
8
Let n(h) = -13*h - 8*h**3 - 5*h - 12*h - 6*h + 37*h. Suppose -s - 2 = -3. Give n(s).
-7
Let y(a) = 3*a**2 - 24*a + 20. Let m(w) = -2*w**2 + 16*w - 13. Let c(s) = 7*m(s) + 5*y(s). Determine c(7).
2
Let r(v) = 3*v + 2. Let y be r(0). Suppose 4 = -0*n - y*n - 3*u, n - 3 = -4*u. Let p(j) = j**3 + 4*j**2 - 3*j - 3. Give p(n).
-13
Let u(z) = 10*z**2 + 3. Let i(t) = -2*t**2 - 1. Let l(n) = -4*i(n) - u(n). Determine l(3).
-17
Let m(o) be the first derivative of 0*o**2 - o**3 + 1/24*o**5 + 6 + 0*o - 1/360*o**6 + 0*o**4. Let k(x) be the third derivative of m(x). What is k(4)?
4
Let g(w) be the first derivative of -1/12*w**4 - 5 + 7*w + w**2 - 1/3*w**3. Let y(j) be the first derivative of g(j). What is y(-3)?
-1
Let y = -7 + 9. Let k(b) = -4 - 2 - b**y + 2 - 10*b + 9*b. Give k(0).
-4
Let b = 2/985 - -2951/1970. Let i(x) be the first derivative of 2 - 3*x - b*x**2. Give i(-3).
6
Let t(z) = z**3 - 2*z**2 - 3*z + 3. Let u(w) = -w + 3. Let o be u(0). Let h be t(o). Let k(l) be the first derivative of l**3/3 - 2*l + 104. What is k(h)?
7
Let u(g) = -2*g - 2. Suppose -52 + 42 = -5*t. Determine u(t).
-6
Suppose 2478 = -7*y + 2520. Let b(l) = -l**2 + 6*l + 5. Calculate b(y).
5
Let j(p) = p**2 + 10*p - 5. Let f = -414 - -404. Calculate j(f).
-5
Let z(i) = -9*i - 2. Let h(l) = -9*l - 1. Let t(v) = 3*h(v) - 2*z(v). Give t(3).
-26
Suppose -10*p + 129 = 9. Let y(k) = -k**3 + 12*k**2 - 2*k + 11. Determine y(p).
-13
Let d(m) = 22*m + 9. Let c(t) = 5*t + 2. Let i(o) = -9*c(o) + 2*d(o). Suppose 6 + 0 = -y - 4*w, 0 = y - 2*w + 6. Determine i(y).
6
Let p(l) = l**2 - 1. Suppose -4*x + a + 4*a - 31 = 0, 2*a = x + 10. Determine p(x).
15
Suppose 0 = 5*h - 0*h - 5*x - 60, -3*h - 2*x + 16 = 0. Suppose -l - 12 = 2*r, r - 2*l = -3*l - h. Let c(p) = -p**2 - 2*p - 2. Calculate c(r).
-10
Let a(f) = -f**2 - 6*f + 6. Let c be ((-2)/6)/((-5)/(-15)). Let g be -1 + (c - -3 - 8). Determine a(g).
-1
Let v(b) = -3*b + 1. Suppose -2*a + 2*g + 16 - 12 = 0, 14 = -2*a - 4*g. What is v(a)?
4
Let w = 637 + -635. Let t(u) = 19*u + 2. Calculate t(w).
40
Suppose -d + 4 = -z - 2, -12 = 4*z + 2*d. Let m(y) be the first derivative of 1/2*y**2 - 5*y - 21. What is m(z)?
-9
Let q(b) = -b**3 - b**2 + 1. Suppose -s = -0*m + 3*m + 13, 4*m + 12 = 4*s. Let t(j) = 6*j**3 - j**2 - j - 5. Let k(d) = s*t(d) - 5*q(d). What is k(6)?
6
Suppose 3*g = -g. Let i = 30 + -29. Suppose -f = -g*f - i. Let a(t) = 2*t. Calculate a(f).
2
Let f(p) = 8*p**3 - 5*p**2 - 8*p - 2. Let w(r) = -23*r**3 + 14*r**2 + 23*r + 6. Let l be 17 - (4 + -3 + -1). Let x(v) = l*f(v) + 6*w(v). Calculate x(-2).
10
Let s(k) = k**3 - 2*k**2 - 10*k + 10. Let y be s(4). Let g(j) = -25*j + 0 + y + 26*j. Give g(8).
10
Suppose 0*u + 5*u + 34 = 4*b, -4*u - 26 = -3*b. Let x(a) = -a + 2. Calculate x(b).
-4
Let m = 112 + -98. Let h(b) = 1 + 2 + 2 + m*b - 6. Determine h(1).
13
Let c(l) = -2*l**2 + 119*l - 4*l**2 + 4 - 124*l - 3*l**2 + 8*l**2. Determine c(-4).
8
Let s(u) = u**3 - u**2 - 1. Let v(z) = -z**2. Let p(x) = -2*x**3 - 9*x**2 - 5*x. Let d(g) = -p(g) + 3*v(g). Let m(j) = -d(j) + s(j). Determine m(-6).
-7
Let l(a) = -4*a**3 - 2*a**2 - 12*a - 8. Let o(x) = x**3 - x**2. Let n(s) = l(s) + 5*o(s). What is n(9)?
46
Let w(f) = -f**2 - 2*f. Let c = 33 - 30. Suppose -c*r = -r + 4. What is w(r)?
0
Let x = 169 + -2027/12. Let c(l) be the third derivative of 0*l - 1/2*l**3 + x*l**4 + 0 - 9*l**2. Determine c(-3).
-9
Suppose -2*h - 5*q + 13 = 0, -5*h - 8*q = -9*q - 19. Let w(p) be the third derivative of 0*p + 0 - 1/24*p**h - 10*p**2 - 1/2*p**3. Calculate w(3).
-6
Let k(c) = -c**3 + 12*c**2 + 15. Suppose 11*u = 14*u - 36. Calculate k(u).
15
Let t(v) be